inder when 508965 is divided by 1170.
15
Calculate the remainder when 268993 is divided by 3020.
213
What is the remainder when 1633464 is divided by 25?
14
Calculate the remainder when 611382025 is divided by 7077.
7072
What is the remainder when 1089726 is divided by 544857?
12
Calculate the remainder when 8598642 is divided by 319.
316
What is the remainder when 102050993 is divided by 169?
5
Calculate the remainder when 40004 is divided by 3957.
434
Calculate the remainder when 130659 is divided by 10451.
5247
What is the remainder when 42206332 is divided by 10551581?
8
Calculate the remainder when 14139607 is divided by 2492.
2491
What is the remainder when 3376624 is divided by 177714?
58
Calculate the remainder when 3492339 is divided by 33579.
123
Calculate the remainder when 106684 is divided by 1980.
1744
What is the remainder when 5474291 is divided by 2510?
2491
Calculate the remainder when 115221584 is divided by 144.
128
What is the remainder when 104780 is divided by 140?
60
What is the remainder when 138084 is divided by 7267?
11
What is the remainder when 308879010 is divided by 1559995?
0
Calculate the remainder when 4432095 is divided by 5540.
95
Calculate the remainder when 2469773 is divided by 908.
13
Calculate the remainder when 558827 is divided by 40.
27
What is the remainder when 158610 is divided by 755?
60
Calculate the remainder when 2624087 is divided by 1312038.
11
Calculate the remainder when 528853 is divided by 234.
13
What is the remainder when 1517267 is divided by 51?
17
Calculate the remainder when 977390 is divided by 325264.
1598
Calculate the remainder when 733418932 is divided by 35.
22
What is the remainder when 955562 is divided by 67?
8
Calculate the remainder when 1116025 is divided by 5908.
5321
What is the remainder when 147161186 is divided by 33?
29
What is the remainder when 918167 is divided by 918157?
10
What is the remainder when 426108 is divided by 2394?
2370
Calculate the remainder when 78780 is divided by 6562.
36
What is the remainder when 1090945 is divided by 17297?
1234
Calculate the remainder when 1519967 is divided by 28.
15
Calculate the remainder when 172125 is divided by 4361.
2046
What is the remainder when 192948 is divided by 313?
140
Calculate the remainder when 128934 is divided by 953.
279
Calculate the remainder when 1214298 is divided by 1187.
1184
What is the remainder when 5417402 is divided by 34?
12
What is the remainder when 1095655 is divided by 377?
93
Calculate the remainder when 1422078 is divided by 74832.
270
What is the remainder when 413649341 is divided by 46?
45
What is the remainder when 4280380 is divided by 6?
4
Calculate the remainder when 587512 is divided by 14319.
433
What is the remainder when 6797030 is divided by 339848?
70
What is the remainder when 1607735 is divided by 1305?
1280
Calculate the remainder when 227862 is divided by 898.
668
What is the remainder when 178442935 is divided by 75?
10
Calculate the remainder when 681054 is divided by 340521.
12
Calculate the remainder when 3241387 is divided by 25931.
12
Calculate the remainder when 65401386 is divided by 849368.
50
Calculate the remainder when 16081 is divided by 3405.
2461
Calculate the remainder when 22747951 is divided by 3007.
3003
What is the remainder when 553542118 is divided by 1874?
1872
What is the remainder when 157589 is divided by 441?
152
Calculate the remainder when 4747955 is divided by 4079.
4078
Calculate the remainder when 17919 is divided by 8953.
13
Calculate the remainder when 2937044 is divided by 18.
2
What is the remainder when 64067 is divided by 556?
127
Calculate the remainder when 36701 is divided by 278.
5
Calculate the remainder when 80659389 is divided by 1448.
1445
Calculate the remainder when 11714644 is divided by 1567.
1319
Calculate the remainder when 1709763478 is divided by 9.
7
Calculate the remainder when 3702016 is divided by 2434.
2336
What is the remainder when 5942375 is divided by 312749?
144
Calculate the remainder when 52830 is divided by 17532.
234
Calculate the remainder when 133991393 is divided by 273.
263
Calculate the remainder when 7712307 is divided by 79.
11
Calculate the remainder when 808503 is divided by 73449.
564
What is the remainder when 3408543 is divided by 8479?
8464
Calculate the remainder when 51645 is divided by 23666.
4313
Calculate the remainder when 46508 is divided by 3855.
248
What is the remainder when 4362948 is divided by 1469?
18
Calculate the remainder when 183119 is divided by 11962.
3689
Calculate the remainder when 183309 is divided by 634.
83
What is the remainder when 4232372 is divided by 501?
425
What is the remainder when 14295223 is divided by 94?
79
What is the remainder when 2714825 is divided by 339346?
57
Calculate the remainder when 58720140 is divided by 7289.
7245
What is the remainder when 18329 is divided by 8601?
1127
What is the remainder when 47582 is divided by 501?
488
What is the remainder when 646763 is divided by 65?
13
Calculate the remainder when 3295483 is divided by 823764.
427
Calculate the remainder when 369363 is divided by 1834.
729
What is the remainder when 208117 is divided by 29694?
259
What is the remainder when 27625759 is divided by 612?
79
What is the remainder when 1380516 is divided by 1380479?
37
What is the remainder when 232037283 is divided by 23?
12
Calculate the remainder when 7891583 is divided by 128.
127
Calculate the remainder when 37195 is divided by 4131.
16
What is the remainder when 434649 is divided by 6?
3
What is the remainder when 8782 is divided by 8714?
68
Calculate the remainder when 449270 is divided by 1468.
62
Calculate the remainder when 386891321 is divided by 821.
818
Calculate the remainder when 1490752 is divided by 27092.
692
Calculate the remainder when 1528875 is divided by 559.
10
What is the remainder when 175489823 is divided by 933?
920
Calculate the remainder when 315469065 is divided by 22.
21
Calculate the remainder when 1403798 is divided by 3390.
338
What is the remainder when 5698443 is divided by 119?
9
Calculate the remainder when 511814 is divided by 53.
46
Calculate the remainder when 28248 is divided by 1760.
88
Calculate the remainder when 18437636 is divided by 959.
861
What is the remainder when 751796152 is divided by 19?
10
What is the remainder when 116534 is divided by 38684?
482
Calculate the remainder when 769104 is divided by 2073.
21
Calculate the remainder when 83864 is divided by 12.
8
What is the remainder when 396983 is divided by 396932?
51
Calculate the remainder when 5028305 is divided by 419019.
77
What is the remainder when 45755267 is divided by 369?
5
Calculate the remainder when 34810469 is divided by 27.
17
Calculate the remainder when 706150 is divided by 22067.
6
Calculate the remainder when 137265 is divided by 136180.
1085
What is the remainder when 478809 is divided by 913?
397
What is the remainder when 143160 is divided by 7129?
580
Calculate the remainder when 103350 is divided by 135.
75
What is the remainder when 47435 is divided by 1409?
938
What is the remainder when 1417865 is divided by 472607?
44
What is the remainder when 26602617 is divided by 1451?
1434
Calculate the remainder when 30420790 is divided by 15.
10
What is the remainder when 43734810 is divided by 3123915?
0
What is the remainder when 50741291 is divided by 5237?
5235
Calculate the remainder when 61461 is divided by 4085.
186
Calculate the remainder when 3525846 is divided by 168.
30
Calculate the remainder when 1177753 is divided by 2196.
697
Calculate the remainder when 323207 is divided by 913.
5
Calculate the remainder when 5894134 is divided by 43.
38
What is the remainder when 26221 is divided by 374?
41
Calculate the remainder when 8077233 is divided by 4038580.
73
What is the remainder when 17699 is divided by 2039?
1387
What is the remainder when 58605 is divided by 3651?
189
Calculate the remainder when 3213394 is divided by 803342.
26
Calculate the remainder when 1169763 is divided by 46761.
738
What is the remainder when 123671 is divided by 33?
20
Calculate the remainder when 14348380 is divided by 4782772.
64
Calculate the remainder when 220126634 is divided by 73375543.
5
What is the remai